lculate p(u).
-3
Let h(s) = -3*s - 5. Let i(r) = r**2 + 9*r + 3. Let y be i(-8). What is h(y)?
10
Let a(x) be the first derivative of 1/2*x**2 + 8 - 1/3*x**3 - 1/4*x**4 - 5*x. Determine a(0).
-5
Let z(k) = 5*k**2 - 2*k + 1. Let a be z(1). Let o(j) be the first derivative of -a*j + j - 2*j**2 + 2*j + 3 - j. Determine o(-2).
6
Suppose -3*n + 2 - 3 = 2*v, v + 33 = 5*n. Let o(k) = -k - 1. Determine o(v).
7
Let l = 8 + -5. Let k be 11/l - 4/6. Suppose 0 = t + 1 + k. Let g(w) = -w**3 - 2*w**2 + 4*w - 5. Determine g(t).
11
Let t(l) be the third derivative of 4*l**2 + 0*l + 1/8*l**4 + 1/60*l**5 + 0 + 0*l**3. Determine t(-3).
0
Let l(k) = 2*k - 4*k**2 - k + 6*k**3 - 4*k. Let p(y) = y**2 + y. Suppose 5*u - 20 = -c, 4*u - u + 3*c = 12. Let h(m) = u*p(m) + l(m). Give h(-1).
-7
Let p = -6 + 12. Let o be (-1 - -2)*p/(-3). Let s(q) = q**2 + 2*q + 2. Give s(o).
2
Let d(k) be the third derivative of k**7/1680 + k**6/360 - k**5/12 - 5*k**2. Let l(n) be the third derivative of d(n). Determine l(-5).
-13
Let f(q) = 6*q - 3*q**2 - 50 + 44 + 2*q**2. Calculate f(6).
-6
Let h(i) = 6*i + 4*i - 2*i - 7*i - 2. Suppose 0 = 4*t + v + 13, -3 - 6 = -3*v. Let y(p) = p**2 + 3*p - 1. Let d be y(t). Give h(d).
1
Let p(r) = r - 4. Let v = 1 + 8. Let k be p(v). Let a(u) = -u**2 + 4*u + 6. Calculate a(k).
1
Let k(b) = 3*b - 3 - 2*b**2 - b**2 + 4*b**2. Let q(d) = -d**3 - 9*d**2 - 8*d - 4. Suppose 3*l + l + 32 = 0. Let j be q(l). Calculate k(j).
1
Suppose -x = -6*x. Let y(p) = 2*p**2 + x*p**2 + 3 + p + p**3 + 4*p**2. Let j be y(-6). Let l(c) = c**2 + 5*c + 3. Determine l(j).
-3
Suppose -2*d + d - 3 = 0. Let j(i) = -7*i - 7. Let r(a) be the second derivative of -a**3 - 3*a**2 - 2*a. Let c(u) = -4*j(u) + 5*r(u). Give c(d).
4
Suppose -2*n + 3*r - 16 = r, 2*n - 4*r + 22 = 0. Let v(b) = 3*b - 6. Determine v(n).
-21
Let m(z) be the third derivative of z**4/8 + z**3/6 + 4*z**2. Suppose -3*a - a + 12 = 0. What is m(a)?
10
Suppose -4*z = -4*w + 28, 5 = -2*z - 2*w + 3. Let h(b) = b + 1. Determine h(z).
-3
Let x(c) = -c**3 - 3*c**2 + 4*c - 1. Let a be ((-18)/15)/(3/(-10)). Let p(d) = 5*d**2 - d + 1. Let b be p(2). Suppose a*o + b = 3. Give x(o).
-1
Let j = 0 - 5. Let h = j + 3. Let f(u) = 4*u. Determine f(h).
-8
Let t = 29 + -21. Let z(k) = k**2 - 10*k + 11. Determine z(t).
-5
Let o(y) = 23 - 24 + 3*y - 8*y - y. What is o(-1)?
5
Let u(j) be the second derivative of -j**3/6 + j**2/2 - j. Determine u(4).
-3
Let x(f) = 7*f + f**2 - 3 + 7*f - 7*f. Let r(g) = -g**2 - 2*g + 3. Let c be r(-3). Suppose c = -3*w + 4*l + l, l = -3. Give x(w).
-13
Let o(j) be the first derivative of -2*j**3/3 - j**2 + 3*j - 1. Suppose 0*q = -q + 2. Give o(q).
-9
Let r(t) be the second derivative of -t**7/840 + t**6/360 - t**4/24 + t**3/3 + t. Let p(a) be the second derivative of r(a). Calculate p(0).
-1
Let d(h) = h**3 + 2*h**2 + 2. Let o be d(-2). Let k(p) = -2*p - p**3 + p**2 - 4*p**2 - 5 + o*p**3. Determine k(4).
3
Let c(r) = -r**2 - 8*r - 4. Let p be c(-7). Let f(u) = -2*u + 3*u**2 + 4*u + 2 - 4*u - u**p. Let h be 3 - ((-2)/1)/(-2). Determine f(h).
2
Suppose 0 = 3*g + s - 10, 0 = 2*g - 4*g + 5*s + 35. Let i(n) = -n + 6. Let w(y) = 1. Let f(b) = -i(b) + 3*w(b). Calculate f(g).
2
Let w(t) be the second derivative of -4*t**2 + 0 + 6*t + 1/12*t**4 + 0*t**3. Determine w(0).
-8
Let u(i) = 2 - 3*i + i**2 - 2*i**2 + 2. Suppose 0 = -j + 6*d - 2*d + 17, 3*j - d + 4 = 0. Calculate u(j).
4
Let l(z) be the first derivative of z**4/4 - 4*z**3/3 - z**2/2 - z - 42. Calculate l(4).
-5
Let m(z) = -9*z**2 + z. Suppose -4*u - 4 = 0, 0*o - 2*u = -4*o + 14. Suppose 3*k = o*g - 3, -3*k + 3 = 3*g - 7*k. Calculate m(g).
-8
Let q(w) = 6*w - 17. Let p(a) = 7*a - 18. Let k(v) = -5*p(v) + 6*q(v). Give k(9).
-3
Let d = -4 + -1. Let q(p) be the second derivative of -p**4/12 - 5*p**3/6 - p**2/2 + p. Calculate q(d).
-1
Let h(z) = 5*z - 1. Let r = -197 - -199. What is h(r)?
9
Suppose -f = -3 - 1. Let w be 2 + (-3)/((-6)/f). Let h(v) be the first derivative of v**2/2 - 3*v + 1. Calculate h(w).
1
Suppose 4*i = 7 + 13. Suppose 4*s - 2*w = -2, 5*s + i*w - 15 = 5. Let g(z) = -7 + z + 2 + s - 3. Give g(6).
-1
Let h(b) be the second derivative of -b**3/6 + b**2/2 + 11*b. What is h(0)?
1
Let r(a) = 2*a + 1. Suppose -7*t + t = -18. Determine r(t).
7
Let g(w) = -20*w + 1 + 11*w + w**2 + 9. What is g(8)?
2
Let o(v) be the first derivative of -v**3/3 - 7*v - 19. Let s(f) = -f. Let h be 2/(-6) - 3/(-9). Let j be s(h). Give o(j).
-7
Let z(v) = -v**3 + 6*v**2 + 7*v - 1. Let d be z(7). Let y(o) be the second derivative of 2*o**5/5 - o**4/6 + o**2/2 + o. Determine y(d).
-9
Let m(a) be the second derivative of -a**7/840 + a**5/60 - a**4/24 - a**3/6 + a. Let u(t) be the second derivative of m(t). Let q = 0 - 2. Give u(q).
3
Let q(x) = x - 8. Let g = 7 - -2. Let u be q(g). Let a(m) = 6*m**2 - m. Give a(u).
5
Let d be ((-6)/(-8))/(75/(-200)). Let t(r) = 5*r**2 - 2. Calculate t(d).
18
Suppose 0 = 3*t + g + 1, -2*t - 5*g - 2 = 3. Let h(x) = -x - 9. Let y(z) = 3*z + 26. Let p(n) = 8*h(n) + 3*y(n). What is p(t)?
6
Let l be ((-4)/(-5))/(10/125). Let m be (-6)/l + (-15)/(-25). Let r(b) = b**2 + 3*b + 9. Let x(t) = -t**2 - 2*t - 8. Let o(d) = -3*r(d) - 4*x(d). What is o(m)?
5
Let p(r) = r + 4 - 150*r**2 - 7*r + 151*r**2. Calculate p(6).
4
Suppose 10 + 14 = 4*y. Let q(o) be the second derivative of -o**3/6 - o. Calculate q(y).
-6
Let d(i) = i + 1. Suppose 9*o - 25 + 70 = 0. Calculate d(o).
-4
Let v(i) = -5*i**3 + 9*i**2 + i - 10. Let u(k) = -5*k**3 + k**2 - 1. Let y(s) = s**3. Let m(f) = u(f) + 4*y(f). Let d(q) = 4*m(q) - v(q). Give d(5).
1
Let b(i) = -i + 10. Let m be b(7). Let d(q) be the second derivative of 2*q + 2/3*q**m - 1/12*q**4 + 0 + 2*q**2. Give d(5).
-1
Let m(o) = -2*o. Let w be m(-2). Suppose w*u + b = -3*b - 8, 3*b + 3 = 0. Let h(p) be the first derivative of 5*p**3/3 + p**2/2 - 2. Give h(u).
4
Let q(l) = -l + 4. Let o be q(6). Let x = -24 - -14. Let p be x/35 - o/7. Let m(g) = -g**2 - g + 1. Calculate m(p).
1
Let l = 9 + -5. Let q = 0 - l. Let j(r) = -20*r**3 - 15*r**2 + 2*r - 35. Let p(k) = 7*k**3 + 5*k**2 - k + 12. Let a(h) = -6*j(h) - 17*p(h). Calculate a(q).
2
Suppose a - 5*b = -4, a - 4*b + 6 = 2. Let m be (a + (-3)/3)*1. Let x(n) = -n**3 - 5*n**2 - n - 5. Determine x(m).
0
Let b(n) = 5*n**2 - n**3 + 0*n - 9 - 2*n**2 + 0*n + 7*n. Let x be b(4). Let a(q) = -q**3 + 4*q**2 - 4. Give a(x).
5
Let t(r) = 2*r**2 + r. Let p(x) = x**2 + 7*x - 1. Let a be p(-7). Let j be a/(-1 + (-6)/(-3)). Calculate t(j).
1
Let c(n) = n**3 + n**2 - n + 7. Suppose 5 + 3 = k - 3*v, 4*v + 24 = 4*k. Suppose -k*a = -3*d + 18 + 2, 2*a + 8 = 3*d. Determine c(d).
7
Suppose 6*r - r = 0. Suppose h = -3*t - 2*h + 21, -2*h + 10 = r. Let o(d) = -5 + 1 - t*d - d. Determine o(-3).
5
Let w(k) = k**3 - k**2 - k - 1. Let v(q) = 6*q**3 - 10*q**2 - 7*q. Let c(l) = v(l) - 5*w(l). Let n = -6 - -11. Suppose -o + n*o = 20. Calculate c(o).
-5
Let s(c) be the second derivative of -c**3/6 - 7*c**2/2 - 2*c. What is s(-8)?
1
Let n(g) = 2*g - 5. Let u be (-2)/12 + (-23)/6. Calculate n(u).
-13
Let x(y) = y**2 + 8*y + 6. Let c(u) = -3*u**2 + 33*u - 6. Let r be c(11). What is x(r)?
-6
Let s(c) = 9 - 2 + 8*c - 14*c + 0*c + c**2. What is s(5)?
2
Let y(g) = 2*g - 2*g + 2*g. Let n be 6 - 3/((-6)/(-4)). Calculate y(n).
8
Let l(f) = -4*f**3 - f**2. Let p(i) = -8*i**3 - 2*i**2. Suppose 6*v = v. Suppose v = -r - 0*r - 5. Let q(m) = r*l(m) + 2*p(m). What is q(1)?
5
Let z be (9/(-6))/((-12)/(-16)). Let t(k) = k - 2. Determine t(z).
-4
Let s(w) = w**3 - 12*w**2 - w + 8. Let l be s(12). Let t(x) be the second derivative of -x**3/2 - 5*x**2/2 - x. Determine t(l).
7
Let b(z) be the second derivative of -z**5/20 - 2*z**4/3 - 4*z**3/3 - 5*z**2/2 + 2*z. Let t be b(-7). Let n(r) = t + r - 2*r - r + 2. Calculate n(3).
-2
Let m(c) = 2*c**2 + 1 + 6*c - c + 0 - 2*c. What is m(-3)?
10
Let b be (-1)/2 + (-18)/(-4). Let i(z) = z**2 - 2*z. Let j be i(3). Let u(p) = -4*p**2 - j*p**2 - 4 + 6*p + 6*p**2. What is u(b)?
4
Let u(l) = -4*l - 4. Let s be u(4). Let b = s + 17. Let r(k) = -k**3 - 4*k**2 - 2*k - 1. Give r(b).
-4
Let r(y) = 5*y + 1. Let w be r(3). Suppose -5*u + 24 = 6*g - 2*g, -4*u + w = 0. Let a(d) = -2 - d + 1 + 2 - 8*d**3. What is a(g)?
-8
Suppose -4*m + 38 = -5*n, -4*m - 2*n - 2 = -26. Let v(w) = w**3 - 8*w**2 + 5*w + 10. Calcu